 the greatest common divisor of 87 and 3973.
29
Calculate the highest common factor of 27 and 1323.
27
What is the greatest common divisor of 35 and 195?
5
Calculate the highest common factor of 8 and 194.
2
Calculate the highest common divisor of 492 and 164.
164
What is the highest common divisor of 12 and 942?
6
What is the greatest common divisor of 85 and 2465?
85
Calculate the highest common divisor of 116 and 1305.
29
What is the greatest common divisor of 1281 and 168?
21
Calculate the highest common factor of 480 and 6.
6
Calculate the greatest common divisor of 552 and 840.
24
What is the highest common factor of 266 and 28?
14
What is the greatest common divisor of 85 and 221?
17
Calculate the greatest common factor of 5 and 1985.
5
Calculate the greatest common factor of 1027 and 195.
13
Calculate the highest common factor of 205 and 1927.
41
What is the highest common divisor of 121 and 154?
11
What is the highest common divisor of 15 and 1875?
15
Calculate the greatest common divisor of 234 and 351.
117
Calculate the greatest common divisor of 68 and 272.
68
Calculate the greatest common factor of 636 and 10388.
212
What is the highest common factor of 205 and 41?
41
Calculate the greatest common divisor of 84 and 372.
12
Calculate the highest common divisor of 187 and 153.
17
Calculate the greatest common factor of 29 and 551.
29
What is the greatest common factor of 42 and 27678?
42
Calculate the greatest common divisor of 7 and 469.
7
Calculate the greatest common factor of 289 and 2363.
17
What is the greatest common factor of 1539 and 18?
9
Calculate the highest common divisor of 451 and 22.
11
What is the greatest common divisor of 7 and 161?
7
Calculate the greatest common divisor of 1892 and 132.
44
What is the greatest common factor of 1458 and 3240?
162
What is the highest common factor of 3483 and 43?
43
Calculate the greatest common divisor of 645 and 14620.
215
What is the highest common divisor of 60 and 310?
10
What is the highest common divisor of 40 and 10?
10
What is the greatest common factor of 725 and 1175?
25
What is the highest common factor of 736 and 23?
23
Calculate the greatest common divisor of 1720 and 10.
10
Calculate the greatest common divisor of 148 and 37.
37
What is the greatest common factor of 10812 and 68?
68
What is the highest common factor of 51 and 255?
51
What is the highest common factor of 1104 and 96?
48
What is the highest common factor of 9 and 99?
9
Calculate the highest common divisor of 14 and 154.
14
What is the greatest common factor of 16 and 752?
16
What is the greatest common factor of 808 and 505?
101
What is the highest common divisor of 36 and 972?
36
What is the highest common factor of 6 and 153?
3
Calculate the highest common factor of 1518 and 132.
66
What is the highest common divisor of 78 and 21606?
78
Calculate the highest common divisor of 8487 and 621.
207
What is the greatest common factor of 432 and 27?
27
Calculate the highest common divisor of 429 and 234.
39
What is the greatest common divisor of 1311 and 171?
57
What is the highest common divisor of 19691 and 203?
203
Calculate the greatest common factor of 24 and 60.
12
What is the greatest common factor of 12 and 42?
6
What is the highest common factor of 209 and 19?
19
What is the greatest common factor of 10 and 6?
2
Calculate the greatest common factor of 240 and 15.
15
What is the greatest common factor of 78 and 4758?
78
Calculate the greatest common divisor of 176 and 288.
16
What is the highest common divisor of 144 and 99?
9
Calculate the greatest common divisor of 1419 and 165.
33
What is the greatest common divisor of 198 and 2502?
18
What is the greatest common factor of 308 and 4536?
28
What is the greatest common divisor of 20083 and 133?
133
What is the greatest common divisor of 15 and 96315?
15
What is the greatest common divisor of 489 and 12?
3
Calculate the greatest common divisor of 230 and 1288.
46
Calculate the greatest common factor of 136 and 3332.
68
Calculate the greatest common divisor of 3955 and 35.
35
Calculate the greatest common factor of 6 and 6378.
6
What is the greatest common divisor of 69 and 621?
69
What is the greatest common divisor of 513 and 135?
27
What is the highest common factor of 1581 and 51?
51
Calculate the greatest common divisor of 452 and 14.
2
Calculate the greatest common divisor of 54 and 468.
18
What is the greatest common factor of 60 and 780?
60
What is the highest common divisor of 3172 and 156?
52
What is the greatest common factor of 210 and 2170?
70
Calculate the greatest common divisor of 6432 and 84.
12
What is the highest common factor of 48 and 384?
48
What is the highest common factor of 416 and 1552?
16
What is the greatest common divisor of 2877 and 7?
7
Calculate the highest common factor of 350 and 400.
50
What is the highest common factor of 279 and 3286?
31
What is the highest common divisor of 1 and 10266?
1
What is the highest common factor of 52 and 7709?
13
What is the highest common divisor of 68 and 2992?
68
What is the highest common factor of 7685 and 116?
29
Calculate the highest common factor of 98 and 11515.
49
What is the highest common factor of 1 and 2387?
1
Calculate the greatest common factor of 150 and 11175.
75
Calculate the highest common factor of 115 and 23.
23
What is the highest common factor of 14 and 28014?
14
Calculate the highest common divisor of 72475 and 446.
223
What is the greatest common divisor of 234 and 832?
26
Calculate the highest common divisor of 6561 and 9.
9
Calculate the highest common divisor of 13624 and 520.
104
What is the highest common divisor of 3 and 25293?
3
What is the greatest common divisor of 203 and 29?
29
Calculate the greatest common divisor of 552 and 12.
12
What is the highest common factor of 1935 and 45?
45
Calculate the highest common divisor of 192 and 288.
96
What is the greatest common divisor of 252 and 315?
63
What is the highest common factor of 162 and 864?
54
Calculate the highest common factor of 190 and 20.
10
What is the greatest common divisor of 11229 and 394?
197
Calculate the highest common factor of 182 and 572.
26
What is the highest common factor of 11 and 176?
11
Calculate the highest common divisor of 186 and 12.
6
Calculate the greatest common factor of 76 and 12.
4
Calculate the highest common divisor of 342 and 36.
18
Calculate the greatest common divisor of 730 and 30.
10
Calculate the highest common divisor of 9016 and 184.
184
Calculate the greatest common factor of 279 and 372.
93
What is the highest common divisor of 56 and 1624?
56
Calculate the highest common divisor of 543 and 2896.
181
What is the highest common divisor of 146 and 1168?
146
What is the greatest common factor of 3686 and 95?
19
Calculate the greatest common divisor of 253 and 2829.
23
What is the greatest common divisor of 5754 and 42?
42
Calculate the highest common factor of 3 and 28.
1
What is the highest common divisor of 24 and 174?
6
What is the greatest common factor of 11 and 116?
1
What is the highest common factor of 158 and 14457?
79
Calculate the highest common divisor of 280 and 64.
8
Calculate the highest common divisor of 1146 and 42.
6
Calculate the greatest common divisor of 10 and 40.
10
Calculate the highest common divisor of 50 and 1550.
50
What is the highest common divisor of 135 and 216?
27
Calculate the greatest common divisor of 23 and 15.
1
Calculate the highest common factor of 11 and 11429.
11
Calculate the highest common divisor of 17 and 1649.
17
Calculate the greatest common factor of 86991 and 271.
271
Calculate the greatest common factor of 742 and 14.
14
What is the greatest common factor of 36 and 117?
9
What is the highest common divisor of 15 and 615?
15
Calculate the highest common factor of 1152 and 240.
48
What is the highest common factor of 950 and 50?
50
What is the highest common divisor of 56 and 42?
14
Calculate the greatest common factor of 99 and 22.
11
What is the highest common divisor of 5 and 55?
5
Calculate the highest common divisor of 55 and 2959.
11
What is the greatest common divisor of 111 and 2775?
111
What is the greatest common factor of 2706 and 264?
66
What is the highest common factor of 5 and 109?
1
Wha